at is the greatest common divisor of 4324 and 1?
1
Calculate the greatest common divisor of 739480 and 3192.
1064
What is the highest common divisor of 69657 and 963?
321
Calculate the greatest common divisor of 3316 and 2368.
4
What is the greatest common factor of 869225 and 175?
175
What is the highest common factor of 81328 and 460?
92
What is the greatest common divisor of 33 and 1743?
3
What is the greatest common divisor of 14527 and 803?
73
Calculate the greatest common divisor of 77421 and 124701.
591
What is the greatest common divisor of 279 and 66991?
31
Calculate the highest common divisor of 78 and 102531.
39
Calculate the greatest common factor of 8950 and 70.
10
Calculate the highest common divisor of 356 and 931474.
178
Calculate the greatest common divisor of 3100 and 4516.
4
Calculate the greatest common divisor of 408 and 6876.
12
What is the greatest common divisor of 3513 and 1272877?
1171
Calculate the highest common factor of 16 and 1258296.
8
What is the highest common divisor of 6501 and 231?
33
Calculate the greatest common factor of 477 and 31217.
53
What is the highest common divisor of 8672 and 462868?
1084
What is the highest common divisor of 368 and 30383?
23
What is the highest common factor of 660 and 42540?
60
What is the highest common factor of 114768 and 432?
144
Calculate the greatest common factor of 338 and 89895.
13
What is the highest common divisor of 3240 and 195?
15
Calculate the greatest common divisor of 210 and 134960.
70
Calculate the highest common divisor of 1691925 and 187.
17
Calculate the greatest common factor of 98486 and 92.
46
Calculate the greatest common factor of 345464 and 14.
14
Calculate the greatest common factor of 2030472 and 72.
72
Calculate the greatest common factor of 42552 and 756.
108
Calculate the greatest common divisor of 73593 and 1776.
111
What is the highest common divisor of 54963 and 1488?
93
What is the highest common divisor of 236 and 751188?
236
Calculate the highest common factor of 88088 and 1430.
286
What is the highest common divisor of 756 and 7168?
28
What is the highest common divisor of 3867079 and 367?
367
What is the highest common divisor of 2793 and 392?
49
Calculate the highest common divisor of 1207 and 7313.
71
Calculate the highest common divisor of 127441 and 31.
31
Calculate the highest common divisor of 11960 and 20345.
65
What is the highest common factor of 46312 and 532?
28
What is the highest common divisor of 295 and 89090?
295
What is the greatest common factor of 167 and 229792?
167
Calculate the greatest common divisor of 3224 and 909974.
806
Calculate the highest common factor of 2106 and 240.
6
Calculate the highest common divisor of 22544 and 848.
16
What is the greatest common divisor of 4875 and 234?
39
Calculate the highest common divisor of 3555 and 3285.
45
Calculate the greatest common factor of 12 and 44553.
3
What is the greatest common factor of 890746 and 219?
73
Calculate the highest common factor of 38148 and 396.
132
What is the highest common divisor of 781126 and 46?
46
Calculate the greatest common divisor of 370560 and 64.
64
Calculate the greatest common divisor of 10412 and 2945.
19
Calculate the greatest common factor of 5265 and 3845.
5
What is the highest common divisor of 176 and 3864?
8
Calculate the highest common divisor of 86310 and 135.
45
What is the highest common divisor of 3 and 4085?
1
Calculate the greatest common factor of 51 and 439331.
17
What is the highest common factor of 1594 and 1776513?
797
What is the highest common divisor of 71677 and 5321?
313
Calculate the highest common factor of 305097 and 39.
39
Calculate the greatest common divisor of 253470 and 35.
35
What is the greatest common factor of 25594 and 3350?
134
What is the highest common divisor of 590 and 555485?
295
Calculate the highest common divisor of 756 and 174069.
189
Calculate the greatest common factor of 30780 and 135.
135
Calculate the greatest common factor of 154 and 968198.
154
Calculate the highest common factor of 137380 and 30.
10
Calculate the highest common factor of 4689354 and 6.
6
What is the greatest common divisor of 99 and 246?
3
Calculate the highest common divisor of 5699 and 13622.
139
What is the greatest common divisor of 185939 and 13?
13
Calculate the greatest common divisor of 13300 and 196.
28
Calculate the greatest common divisor of 102784 and 3796.
292
Calculate the greatest common divisor of 15597 and 801.
9
Calculate the highest common divisor of 1782 and 13284.
162
What is the highest common factor of 8418 and 234186?
138
What is the highest common factor of 397419 and 33?
33
Calculate the highest common divisor of 1258 and 612.
34
What is the highest common factor of 1710 and 835335?
855
What is the greatest common divisor of 252 and 383292?
252
What is the greatest common divisor of 1365 and 37843?
13
Calculate the highest common divisor of 44 and 6022280.
44
What is the highest common divisor of 200585 and 110?
55
What is the greatest common factor of 17968 and 4240?
16
What is the greatest common factor of 80 and 681040?
80
What is the highest common divisor of 1905 and 32639?
127
Calculate the greatest common divisor of 22078 and 2.
2
Calculate the highest common factor of 89880 and 80.
40
Calculate the greatest common factor of 3813 and 2883.
93
What is the highest common factor of 1236 and 1284?
12
Calculate the highest common divisor of 12838 and 1048.
262
Calculate the greatest common divisor of 724 and 817577.
181
What is the greatest common divisor of 242 and 13178?
22
What is the highest common factor of 5069 and 333?
37
Calculate the greatest common divisor of 1328 and 8048.
16
What is the greatest common divisor of 13 and 231478?
13
Calculate the greatest common factor of 224 and 81452.
28
Calculate the highest common divisor of 48400 and 31823.
121
Calculate the highest common factor of 333 and 236097.
333
Calculate the greatest common divisor of 2030763 and 21.
21
What is the greatest common divisor of 1105 and 663?
221
Calculate the highest common divisor of 2298231 and 10577.
1511
What is the greatest common divisor of 810 and 148380?
30
Calculate the highest common divisor of 623 and 7539.
7
Calculate the greatest common factor of 2398 and 286.
22
What is the highest common factor of 132410 and 50?
10
Calculate the greatest common factor of 476 and 992426.
34
Calculate the highest common factor of 126 and 601362.
18
What is the greatest common factor of 619 and 5228074?
619
Calculate the highest common divisor of 443169 and 2583.
369
What is the greatest common factor of 280467 and 2673?
99
Calculate the highest common factor of 96 and 2429088.
96
Calculate the greatest common divisor of 1560 and 2505.
15
What is the highest common divisor of 282667 and 77?
77
Calculate the greatest common factor of 17493 and 459.
51
What is the highest common factor of 21 and 1148?
7
Calculate the highest common divisor of 1255 and 3255.
5
What is the highest common divisor of 257834 and 1233?
137
Calculate the greatest common factor of 486 and 582.
6
Calculate the highest common factor of 300 and 163350.
150
What is the highest common divisor of 140328 and 333?
9
Calculate the greatest common factor of 694 and 1962979.
347
What is the highest common factor of 2812 and 1258?
74
Calculate the highest common divisor of 204 and 4386.
102
What is the highest common factor of 627 and 2739?
33
Calculate the highest common divisor of 314796 and 296.
148
What is the highest common factor of 420 and 8390?
10
Calculate the highest common divisor of 157421 and 121.
121
What is the highest common divisor of 618657 and 174?
87
What is the greatest common divisor of 1900 and 3020?
20
What is the greatest common factor of 17 and 213911?
17
Calculate the greatest common factor of 61623 and 1599.
123
Calculate the greatest common factor of 290 and 1568030.
290
Calculate the greatest common divisor of 32 and 7624.
8
Calculate the greatest common factor of 463620 and 120.
60
What is the highest common factor of 115797 and 253?
11
What is the greatest common factor of 16785 and 7083?
9
What is the highest common divisor of 180036 and 432?
108
Calculate the highest common factor of 206480 and 8455.
445